{"id":698,"date":"2024-10-03T06:43:47","date_gmt":"2024-10-03T04:43:47","guid":{"rendered":"https:\/\/paar-gespraech.de\/quien-esta-detras-de-paargespraech\/"},"modified":"2025-01-18T15:01:24","modified_gmt":"2025-01-18T14:01:24","slug":"quien-esta-detras-de-paargespraech","status":"publish","type":"page","link":"https:\/\/paar-gespraech.de\/es\/quien-esta-detras-de-paargespraech\/","title":{"rendered":"\u00bfQui\u00e9n est\u00e1 detr\u00e1s de PaarGespr\u00e4ch ?"},"content":{"rendered":"\n<figure class=\"wp-block-image size-large\"><img loading=\"lazy\" decoding=\"async\" width=\"1024\" height=\"683\" src=\"https:\/\/paar-gespraech.de\/wp-content\/uploads\/2024\/10\/e6169024-5000-4b99-9b57-777248e41e0a-1024x683.jpg\" alt=\"\" class=\"wp-image-117\" srcset=\"https:\/\/paar-gespraech.de\/wp-content\/uploads\/2024\/10\/e6169024-5000-4b99-9b57-777248e41e0a-1024x683.jpg 1024w, https:\/\/paar-gespraech.de\/wp-content\/uploads\/2024\/10\/e6169024-5000-4b99-9b57-777248e41e0a-300x200.jpg 300w, https:\/\/paar-gespraech.de\/wp-content\/uploads\/2024\/10\/e6169024-5000-4b99-9b57-777248e41e0a-2000x1333.jpg 2000w, https:\/\/paar-gespraech.de\/wp-content\/uploads\/2024\/10\/e6169024-5000-4b99-9b57-777248e41e0a.jpg 2048w\" sizes=\"auto, (max-width: 1024px) 100vw, 1024px\" \/><\/figure>\n\n<p><\/p>\n\n<p>El equipo PaarGespr\u00e4ch: Colaboraci\u00f3n multiprofesional a la altura de los ojos, \u00a1tambi\u00e9n offline!  <\/p>\n\n<p>Somos Cora y Michael, una pareja que conoce bien los altibajos de las relaciones cotidianas. Como psicoterapeuta licenciada para ni\u00f1os y adolescentes, as\u00ed como psicoterapeuta en virtud de la Ley de Profesionales Alternativos, el enfoque terap\u00e9utico de Corinna Wager se centra en la terapia conductual y la terapia de pareja basada en la diferenciaci\u00f3n. <\/p>\n\n<p>Tu hom\u00f3logo en la vida y en tu escritorio: Michael Wager, consultor de ciberseguridad, especialista en TI y director t\u00e9cnico.  <\/p>\n\n<p>Juntos hemos desarrollado una soluci\u00f3n sin\u00e9rgica para apoyar a las parejas en su relaci\u00f3n.<\/p>\n\n<p>Nuestro objetivo es ayudar a las parejas a llevar sus relaciones al siguiente nivel con una herramienta inteligente y accesible: \u00a1con m\u00e1s comprensi\u00f3n, atenci\u00f3n y valor!<\/p>\n\n<p>M\u00e1s informaci\u00f3n en <a href=\"https:\/\/paar-gespraech.de\/es\/\">la p\u00e1gina de inicio<\/a><\/p>\n\n<p>Contacto: <a href=\"mailto:hallo@paar-gespraech.de\" target=\"_blank\" rel=\"noreferrer noopener\">hallo@paar-gespraech.de<\/a><\/p>\n\n<p><\/p>\n","protected":false},"excerpt":{"rendered":"<p>El equipo PaarGespr\u00e4ch: Colaboraci\u00f3n multiprofesional a la altura de los ojos, \u00a1tambi\u00e9n offline! Somos Cora y Michael, una pareja que conoce bien los altibajos de las relaciones cotidianas. Como psicoterapeuta licenciada para ni\u00f1os y adolescentes, as\u00ed como psicoterapeuta en virtud de la Ley de Profesionales Alternativos, el enfoque terap\u00e9utico de Corinna Wager se centra en [&hellip;]<\/p>\n","protected":false},"author":2,"featured_media":0,"parent":0,"menu_order":0,"comment_status":"closed","ping_status":"closed","template":"","meta":{"footnotes":""},"class_list":["post-698","page","type-page","status-publish","hentry"],"_links":{"self":[{"href":"https:\/\/paar-gespraech.de\/es\/wp-json\/wp\/v2\/pages\/698","targetHints":{"allow":["GET"]}}],"collection":[{"href":"https:\/\/paar-gespraech.de\/es\/wp-json\/wp\/v2\/pages"}],"about":[{"href":"https:\/\/paar-gespraech.de\/es\/wp-json\/wp\/v2\/types\/page"}],"author":[{"embeddable":true,"href":"https:\/\/paar-gespraech.de\/es\/wp-json\/wp\/v2\/users\/2"}],"replies":[{"embeddable":true,"href":"https:\/\/paar-gespraech.de\/es\/wp-json\/wp\/v2\/comments?post=698"}],"version-history":[{"count":2,"href":"https:\/\/paar-gespraech.de\/es\/wp-json\/wp\/v2\/pages\/698\/revisions"}],"predecessor-version":[{"id":700,"href":"https:\/\/paar-gespraech.de\/es\/wp-json\/wp\/v2\/pages\/698\/revisions\/700"}],"wp:attachment":[{"href":"https:\/\/paar-gespraech.de\/es\/wp-json\/wp\/v2\/media?parent=698"}],"curies":[{"name":"wp","href":"https:\/\/api.w.org\/{rel}","templated":true}]}}

¿Quién está detrás de PaarGespräch ?

<figure class="wp-block-image size-large"><img loading="lazy" decoding="async" width="1024" height="683" src="https://paar-gespraech.de/wp-content/uploads/2024/10/e6169024-5000-4b99-9b57-777248e41e0a-1024x683.jpg" alt="" class="wp-image-117" srcset="https://paar-gespraech.de/wp-content/uploads/2024/10/e6169024-5000-4b99-9b57-777248e41e0a-1024x683.jpg 1024w, https://paar-gespraech.de/wp-content/uploads/2024/10/e6169024-5000-4b99-9b57-777248e41e0a-300x200.jpg 300w, https://paar-gespraech.de/wp-content/uploads/2024/10/e6169024-5000-4b99-9b57-777248e41e0a-2000x1333.jpg 2000w, https://paar-gespraech.de/wp-content/uploads/2024/10/e6169024-5000-4b99-9b57-777248e41e0a.jpg 2048w" sizes="auto, (max-width: 1024px) 100vw, 1024px" /></figure>

<p></p>

<p>El equipo PaarGespräch: Colaboración multiprofesional a la altura de los ojos, ¡también offline!  </p>

<p>Somos Cora y Michael, una pareja que conoce bien los altibajos de las relaciones cotidianas. Como psicoterapeuta licenciada para niños y adolescentes, así como psicoterapeuta en virtud de la Ley de Profesionales Alternativos, el enfoque terapéutico de Corinna Wager se centra en la terapia conductual y la terapia de pareja basada en la diferenciación. </p>

<p>Tu homólogo en la vida y en tu escritorio: Michael Wager, consultor de ciberseguridad, especialista en TI y director técnico.  </p>

<p>Juntos hemos desarrollado una solución sinérgica para apoyar a las parejas en su relación.</p>

<p>Nuestro objetivo es ayudar a las parejas a llevar sus relaciones al siguiente nivel con una herramienta inteligente y accesible: ¡con más comprensión, atención y valor!</p>

<p>Más información en <a href="https://paar-gespraech.de/es/">la página de inicio</a></p>

<p>Contacto: <a href="mailto:hallo@paar-gespraech.de" target="_blank" rel="noreferrer noopener">hallo@paar-gespraech.de</a></p>

<p></p>

<p>El equipo PaarGespräch: Colaboración multiprofesional a la altura de los ojos, ¡también offline! Somos Cora y Michael, una pareja que conoce bien los altibajos de las relaciones cotidianas. Como psicoterapeuta licenciada para niños y adolescentes, así como psicoterapeuta en virtud de la Ley de Profesionales Alternativos, el enfoque terapéutico de Corinna Wager se centra en [&hellip;]</p>
